 3*h - 2*q. What is the remainder when h is divided by 30?
28
Let n(x) = -140*x - 605. What is the remainder when 191 is divided by n(-5)?
1
Let f(r) = r**2 + 11*r - 45. Let t = -2 - -2. Suppose 3*m - 144 = 4*s, -3 = s - t. Calculate the remainder when m is divided by f(-15).
14
Suppose -18*u + 3*u = -60. Calculate the remainder when 706 is divided by u.
2
What is the remainder when 56 is divided by 1/((-4)/(-5))*(39 + -7)?
16
Suppose 0 = -2*s - 5*n + 699, 6*n = 8*n - 10. What is the remainder when s is divided by 49?
43
Let q be 24/(-11) + (-44)/(-242). Calculate the remainder when 9 is divided by ((-6)/4)/(q/12).
0
Let u be 11/(-44) + 322/8. Suppose -2*x + g + 46 = -g, 0 = -2*x + 4*g + u. Suppose -3*h + 37 = 10. Calculate the remainder when x is divided by h.
8
Let l = -1 - -5. Suppose l*m - 39 = m. Let z = -7 + m. Calculate the remainder when 17 is divided by z.
5
Suppose r - 61 = -3*t, 3*t - r = -2*t + 107. What is the remainder when 230 is divided by t?
20
Suppose 1191 = 39*d - 3021. What is the remainder when d is divided by 43?
22
What is the remainder when 16 is divided by 9 + (-3 - (-9 + 6))?
7
Suppose -126*a + a = 53*a - 12460. Suppose 2*k = -0*k + 412. Calculate the remainder when k is divided by a.
66
Let d = -895 - -903. What is the remainder when 278 is divided by d?
6
Let d(p) = p**3 - 37*p**2 + 188*p - 55. Calculate the remainder when (1 - 2)/((-1)/9) is divided by d(31).
2
Let a = -117 + 148. What is the remainder when a is divided by 11?
9
Let x(b) = b**2 + 2*b - 9. Let s be x(-5). Calculate the remainder when -2*1*(-159)/s is divided by 18.
17
Let k(a) = a - 11. Let t be k(10). Let z(r) = -16*r - 1. Let c be z(t). Suppose -l + c = 2*l. Calculate the remainder when 7 is divided by l.
2
Suppose -25*c = -22*c - 2196. What is the remainder when c is divided by 49?
46
Suppose 4*i - 34 = 14. Let s = -78 + 81. Calculate the remainder when i is divided by s.
0
Let x = 68 - -4. Calculate the remainder when 35 is divided by (2/4)/(3/x).
11
Let v = -4 - 16. Let j = -13 - v. Calculate the remainder when 13 is divided by j.
6
Suppose 0 = 5*q + 5*f - 70, -2*q - 5*f + 25 = -0*f. Suppose 4*i + 0 = -8. What is the remainder when i/(-4) + 114/4 is divided by q?
14
Suppose -3*f + 20 = 2*h + 8, -4*f = 0. Suppose 3*a - h + 3 = 0. Calculate the remainder when (-8 - -3)/(0 - a) is divided by 2.
1
Let c(v) = 2*v + 16. Let b = -38 - -61. Suppose 0 = -5*r + 17 + b. Calculate the remainder when 93 is divided by c(r).
29
Suppose 0 = 3*x - 4*x. Suppose 0 = p - 1, 5*o - 10*p + 15*p - 50 = x. What is the remainder when 40 is divided by o?
4
What is the remainder when (-2587)/(-4) + (-10)/(-40) is divided by 24?
23
Let i(v) = -45*v**3 + 2*v**2 + 3*v. Calculate the remainder when 115 is divided by i(-1).
27
Suppose 4*m = -v + 3*v + 8130, -3*m + 5*v + 6080 = 0. Suppose -845 + m = 10*g. Calculate the remainder when g is divided by 30.
29
Suppose -5*t - 3*s - 247 = 0, 0*s + 5*s + 67 = -t. Let f = t + 87. Calculate the remainder when f is divided by 15.
10
Let q = -209 + 240. What is the remainder when q is divided by 27?
4
Let y be (-10)/(-15) + (704/6 - 3). Let r = y - 75. What is the remainder when r is divided by 15?
10
Suppose -3*q + 3 + 0 = -2*l, -3*q + 21 = 4*l. Let r = 24 + l. Suppose -3*t = 2*y - 1 - 1, 23 = 5*y + 3*t. Calculate the remainder when r is divided by y.
6
Suppose -4*a - d = -179, 2*d = -3*d + 15. Suppose -2*x - 3*h = a - 162, -3*x + 3*h + 192 = 0. Calculate the remainder when x is divided by 13.
10
Suppose -10*b + 5*b = -130. Calculate the remainder when 52 is divided by b.
0
Let a(h) = h**2 + h - 4. What is the remainder when ((-9)/(-54)*-62)/(2/(-6)) is divided by a(3)?
7
Suppose 0 = -2*u + 90 + 30. What is the remainder when 171 is divided by u?
51
Suppose -5*u + 6*r - 3*r = -30, 15 = -3*r. Suppose 7*t - 6*t + 13 = 0. Let a = t - -16. Calculate the remainder when u is divided by a.
0
Let w = 970 + -949. Let f be ((-2)/3)/(2/(-237)). Let i = 162 - f. What is the remainder when i is divided by w?
20
Let a = 64 + -38. Let g be 76/28 + -3 - (-160)/(-28). Calculate the remainder when (-104 + g/(-2))*-1 is divided by a.
23
Let q = 5 - 1. Let x = 236 + 36. Suppose -4*f + x = q*c, -266 = -2*f - 2*f + 2*c. Calculate the remainder when f is divided by 35.
32
Let n(j) = j**2 - j. Let u = -73 + 39. Let k = -13 - u. What is the remainder when k is divided by n(-3)?
9
Let q(a) = 8*a**3 + a**2 - 14*a + 24. Let w = -2 - -7. Suppose w*r = 2*r + 51. What is the remainder when q(2) is divided by r?
13
Suppose -18*x + 168 + 354 = 0. Calculate the remainder when 376 is divided by x.
28
Suppose 3*v - 326 = -5*w, 0 = 5*v - 0*w - 3*w - 498. What is the remainder when v is divided by 29?
15
Suppose 4*x - 5764 = -4*j, 3*j + 4234 + 1502 = 4*x. Calculate the remainder when x is divided by 20.
17
Let y(x) = x**2 + 8*x - 14. Let a be y(-8). What is the remainder when 80 is divided by (-128)/a - (58/14 + -4)?
8
Suppose -3*b + 4*s + 2 = -2, 3*s = -5*b + 55. Let w be (b/(-3))/((-22)/99). What is the remainder when 560/12 + (-8)/w is divided by 8?
6
Let v = -918 + 955. What is the remainder when v is divided by 3/3*-10*-2?
17
Let a be 3/(-2)*1552/(-12). Suppose 54 = -5*d + a. Calculate the remainder when 111 is divided by d.
27
Calculate the remainder when 58/(-377) - (-5542)/26 is divided by 4.
1
Let l = 205 - 148. What is the remainder when l is divided by 20?
17
What is the remainder when 235 is divided by ((-6)/4)/((-147)/1568)?
11
Suppose 67*o - 90 = 52*o. What is the remainder when 394 is divided by o?
4
Calculate the remainder when (-5)/20*(-2 - 1170) is divided by 21.
20
Let q = 632 - 551. What is the remainder when 239 is divided by q?
77
Suppose -2*a + t = 66, t - 165 = 5*a - 0*t. Let w = -29 - a. Suppose -36 = -2*n - w. Calculate the remainder when n is divided by 5.
1
What is the remainder when (-1 - (-95)/2)/(63/42) is divided by 30?
1
Suppose -2 + 6 = 2*n. Suppose -q = -5*s - 11, -10 = 2*q + n*s - 56. Calculate the remainder when 82 is divided by q.
19
Suppose 0 = 32*k - 36*k + 68. Suppose -2 = z - 4. Suppose -z*s - h = -6 - 2, -4*h = 16. Calculate the remainder when k is divided by s.
5
Let y(n) = n**2 - 4*n + 1. Let w be y(-3). Suppose 3*b = w + 38. Let a = 22 - 11. Calculate the remainder when b is divided by a.
9
Suppose -s - 5*i = -324, -3*i + 1700 = 5*s + 2*i. What is the remainder when s is divided by 115?
114
Let a(y) = -240*y - 11. Let q be a(-4). Let l = 541 - q. What is the remainder when ((-6)/4)/(18/l) is divided by 9?
7
Let u be 9/(-2)*(-4)/2. Let q = u + 4. What is the remainder when 48 is divided by q?
9
Let g(i) be the first derivative of -5*i**2/2 - 10*i - 2. Calculate the remainder when g(-8) is divided by (2/(-4))/(2844/408 + -7).
13
Let l(f) = -f**2 + f + 3. Let j = 43 + -26. What is the remainder when j is divided by l(0)?
2
Suppose -7*n + 11*n = 148. Let v = 45 - n. Calculate the remainder when v/(-12) - (-226)/6 is divided by 19.
18
Suppose 70 = 3*s - 20. Suppose 0 = -2*p + 8, 0*p + 166 = 3*n - 2*p. What is the remainder when n is divided by s?
28
Let g(z) = z + 7. Let x = 52 + 29. Let j = -48 + x. Calculate the remainder when j is divided by g(5).
9
Suppose 17 + 10799 = 52*h. What is the remainder when h is divided by 107?
101
Let r be 38*(-3 - 0 - -4). Suppose 0 = 4*l - 3*i + 122, 2*l - i = -24 - r. Let f = 56 + l. What is the remainder when f is divided by 5?
4
Let w be ((-39)/(-9))/(6/(-18)). Let d = w - -27. Suppose -z + d = -1. What is the remainder when 58 is divided by z?
13
Let t = -195 + 505. Suppose -b + 4*d + 82 = 0, 4*d = 5*b + 9*d - t. Calculate the remainder when b is divided by 17.
15
Let g = 563 + -465. What is the remainder when 306 is divided by g?
12
Let v(n) = n**3 - 2*n**2 + n - 4. Let m be v(3). Calculate the remainder when (-6)/(-8) - (-74)/m is divided by 6.
4
Suppose -46 - 50 = -2*y. Calculate the remainder when y is divided by (-100)/(-20) + 2*6.
14
Suppose -3*w + 0 = -3, 4*b + w - 337 = 0. Calculate the remainder when b is divided by 31.
22
Let a(u) = u + 2. Suppose 0 = 3*p - p + 14. Calculate the remainder when p - -10 - (0 - 3) is divided by a(0).
0
Let l = 29 + -26. Suppose -4*s + 7 = 2*b - 47, -l*b + 79 = 4*s. Calculate the remainder when b is divided by 7.
4
Let j = 10 - 4. Suppose -3*i = 4*i - 